What are the prime factors of 4992?
2, 3, 13
List the prime factors of 11811.
3, 31, 127
What are the prime factors of 19407?
3, 6469
What are the prime factors of 107384?
2, 31, 433
What are the prime factors of 9052?
2, 31, 73
List the prime factors of 78213.
3, 29, 31
What are the prime factors of 1521?
3, 13
List the prime factors of 63790.
2, 5, 6379
List the prime factors of 2579.
2579
What are the prime factors of 42282?
2, 3, 29
List the prime factors of 1436.
2, 359
List the prime factors of 23301.
3, 863
What are the prime factors of 66?
2, 3, 11
What are the prime factors of 2014?
2, 19, 53
List the prime factors of 1700.
2, 5, 17
List the prime factors of 2767.
2767
List the prime factors of 125515.
5, 13, 1931
What are the prime factors of 3641?
11, 331
What are the prime factors of 763?
7, 109
What are the prime factors of 22768?
2, 1423
List the prime factors of 47234.
2, 11, 19, 113
List the prime factors of 952.
2, 7, 17
List the prime factors of 595.
5, 7, 17
What are the prime factors of 3125?
5
List the prime factors of 17598.
2, 3, 7, 419
What are the prime factors of 19638?
2, 3, 1091
List the prime factors of 203.
7, 29
What are the prime factors of 896?
2, 7
List the prime factors of 913.
11, 83
What are the prime factors of 2624?
2, 41
What are the prime factors of 1501?
19, 79
What are the prime factors of 18816?
2, 3, 7
List the prime factors of 2964.
2, 3, 13, 19
List the prime factors of 257.
257
List the prime factors of 35458.
2, 17729
List the prime factors of 168.
2, 3, 7
What are the prime factors of 44466?
2, 3, 7411
What are the prime factors of 18245?
5, 41, 89
What are the prime factors of 1938?
2, 3, 17, 19
List the prime factors of 90865.
5, 17, 1069
What are the prime factors of 38326?
2, 19163
What are the prime factors of 14054?
2, 7027
List the prime factors of 90569.
41, 47
List the prime factors of 2193.
3, 17, 43
What are the prime factors of 2833?
2833
What are the prime factors of 6614?
2, 3307
List the prime factors of 37193.
13, 2861
List the prime factors of 50759.
193, 263
What are the prime factors of 1910?
2, 5, 191
List the prime factors of 34079.
53, 643
What are the prime factors of 14742?
2, 3, 7, 13
What are the prime factors of 1051?
1051
What are the prime factors of 56507?
11, 467
What are the prime factors of 647?
647
List the prime factors of 3323.
3323
List the prime factors of 2168.
2, 271
List the prime factors of 187.
11, 17
What are the prime factors of 55828?
2, 17, 821
What are the prime factors of 45?
3, 5
What are the prime factors of 623?
7, 89
What are the prime factors of 27520?
2, 5, 43
What are the prime factors of 3904?
2, 61
What are the prime factors of 4063?
17, 239
What are the prime factors of 3751?
11, 31
List the prime factors of 3182.
2, 37, 43
What are the prime factors of 36?
2, 3
List the prime factors of 4262.
2, 2131
What are the prime factors of 11515?
5, 7, 47
What are the prime factors of 420?
2, 3, 5, 7
What are the prime factors of 43996?
2, 17, 647
What are the prime factors of 7841?
7841
What are the prime factors of 2240?
2, 5, 7
List the prime factors of 35159.
35159
List the prime factors of 19639.
41, 479
List the prime factors of 86.
2, 43
List the prime factors of 14729.
11, 13, 103
What are the prime factors of 7380?
2, 3, 5, 41
List the prime factors of 2445.
3, 5, 163
What are the prime factors of 8087?
8087
What are the prime factors of 3228?
2, 3, 269
What are the prime factors of 30608?
2, 1913
What are the prime factors of 20842?
2, 17, 613
List the prime factors of 19330.
2, 5, 1933
List the prime factors of 24229.
24229
List the prime factors of 17673.
3, 43, 137
List the prime factors of 988.
2, 13, 19
List the prime factors of 12095.
5, 41, 59
List the prime factors of 887.
887
List the prime factors of 164.
2, 41
List the prime factors of 2977.
13, 229
What are the prime factors of 2718?
2, 3, 151
What are the prime factors of 1069?
1069
List the prime factors of 18646.
2, 9323
List the prime factors of 683.
683
What are the prime factors of 50048?
2, 17, 23
List the prime factors of 919.
919
What are the prime factors of 3648?
2, 3, 19
List the prime factors of 121313.
121313
What are the prime factors of 6953?
17, 409
List the prime factors of 12836.
2, 3209
List the prime factors of 24506.
2, 12253
What are the prime factors of 818?
2, 409
What are the prime factors of 1178?
2, 19, 31
List the prime factors of 4658.
2, 17, 137
What are the prime factors of 27793?
27793
List the prime factors of 4215.
3, 5, 281
List the prime factors of 61145.
5, 7, 1747
What are the prime factors of 1720?
2, 5, 43
List the prime factors of 6211.
6211
List the prime factors of 17251.
13, 1327
List the prime factors of 275.
5, 11
What are the prime factors of 2091?
3, 17, 41
List the prime factors of 1141.
7, 163
List the prime factors of 1542.
2, 3, 257
List the prime factors of 1116.
2, 3, 31
List the prime factors of 30836.
2, 13, 593
What are the prime factors of 9656?
2, 17, 71
List the prime factors of 6154.
2, 17, 181
What are the prime factors of 3076?
2, 769
List the prime factors of 138.
2, 3, 23
List the prime factors of 12145.
5, 7, 347
List the prime factors of 69938.
2, 11, 17
List the prime factors of 5492.
2, 1373
List the prime factors of 1734.
2, 3, 17
What are the prime factors of 72?
2, 3
What are the prime factors of 2495?
5, 499
What are the prime factors of 5735?
5, 31, 37
List the prime factors of 98293.
13, 7561
List the prime factors of 2021.
43, 47
List the prime factors of 6408.
2, 3, 89
What are the prime factors of 163?
163
List the prime factors of 1743.
3, 7, 83
What are the prime factors of 272?
2, 17
What are the prime factors of 72621?
3, 8069
What are the prime factors of 1714?
2, 857
List the prime factors of 53918.
2, 26959
What are the prime factors of 79819?
19, 4201
What are the prime factors of 43330?
2, 5, 7, 619
What are the prime factors of 10174?
2, 5087
List the prime factors of 9108.
2, 3, 11, 23
What are the prime factors of 24519?
3, 11, 743
List the prime factors of 53523.
3, 19, 313
List the prime factors of 17475.
3, 5, 233
List the prime factors of 13389.
3, 4463
What are the prime factors of 1353?
3, 11, 41
What are the prime factors of 17655?
3, 5, 11, 107
What are the prime factors of 1430?
2, 5, 11, 13
What are the prime factors of 52426?
2, 11, 2383
List the prime factors of 27504.
2, 3, 191
List the prime factors of 5563.
5563
What are the prime factors of 1348?
2, 337
What are the prime factors of 2419?
41, 59
List the prime factors of 26313.
3, 7, 179
List the prime factors of 3269.
7, 467
List the prime factors of 421.
421
What are the prime factors of 61090?
2, 5, 41, 149
What are the prime factors of 70542?
2, 3, 3919
List the prime factors of 1264.
2, 79
What are the prime factors of 915?
3, 5, 61
List the prime factors of 3470.
2, 5, 347
List the prime factors of 8628.
2, 3, 719
List the prime factors of 9611.
7, 1373
What are the prime factors of 837?
3, 31
List the prime factors of 40802.
2, 23, 887
List the prime factors of 519.
3, 173
What are the prime factors of 3594?
2, 3, 599
List the prime factors of 97860.
2, 3, 5, 7, 233
What are the prime factors of 459?
3, 17
What are the prime factors of 24664?
2, 3083
What are the prime factors of 892?
2, 223
What are the prime factors of 1573?
11, 13
List the prime factors of 955.
5, 191
What are the prime factors of 6847?
41, 167
List the prime factors of 29155.
5, 7, 17
List the prime factors of 3554.
2, 1777
What are the prime factors of 29549?
13, 2273
What are the prime factors of 627?
3, 11, 19
What are the prime factors of 1283?
1283
List the prime factors of 106301.
13, 17, 37
List the prime factors of 183.
3, 61
List the prime factors of 3294.
2, 3, 61
What are the prime factors of 17647?
7, 2521
What are the prime factors of 438?
2, 3, 73
List the prime factors of 2981.
11, 271
What are the prime factors of 8124?
2, 3, 677
List the prime factors of 9891.
3, 7, 157
List the prime factors of 7802.
2, 47, 83
List the prime factors of 146874.
2, 3, 7, 13, 269
List the prime factors of 93.
3, 31
List the prime factors of 5170.
2, 5, 11, 47
What are the prime factors of 1165?
5, 233
What are the prime factors of 19205?
